at is the remainder when 2680 is divided by 83?
24
What is the remainder when 687 is divided by 175?
162
Calculate the remainder when 4433 is divided by 4395.
38
What is the remainder when 4543 is divided by 5?
3
Calculate the remainder when 2671 is divided by 1351.
1320
What is the remainder when 1346484 is divided by 572?
568
What is the remainder when 8705 is divided by 1739?
10
What is the remainder when 900 is divided by 44?
20
Calculate the remainder when 9050 is divided by 6.
2
What is the remainder when 5843 is divided by 417?
5
What is the remainder when 371769 is divided by 46?
43
Calculate the remainder when 3397 is divided by 444.
289
What is the remainder when 41452 is divided by 9?
7
Calculate the remainder when 9214 is divided by 72.
70
Calculate the remainder when 7629 is divided by 779.
618
Calculate the remainder when 269373 is divided by 1575.
48
Calculate the remainder when 5964 is divided by 5439.
525
What is the remainder when 186675 is divided by 398?
13
What is the remainder when 258528 is divided by 32315?
8
Calculate the remainder when 164823 is divided by 82409.
5
Calculate the remainder when 2082 is divided by 78.
54
What is the remainder when 551150 is divided by 543?
5
Calculate the remainder when 8269 is divided by 2618.
415
What is the remainder when 24612 is divided by 31?
29
Calculate the remainder when 5201 is divided by 3810.
1391
What is the remainder when 78444 is divided by 703?
411
What is the remainder when 6005 is divided by 26?
25
Calculate the remainder when 3064 is divided by 161.
5
Calculate the remainder when 7871 is divided by 656.
655
What is the remainder when 892 is divided by 155?
117
What is the remainder when 910707 is divided by 9?
6
Calculate the remainder when 351747 is divided by 67.
64
What is the remainder when 6972 is divided by 35?
7
What is the remainder when 30090 is divided by 10021?
27
What is the remainder when 130641 is divided by 4?
1
What is the remainder when 16784 is divided by 798?
26
Calculate the remainder when 8993 is divided by 90.
83
Calculate the remainder when 1903 is divided by 1890.
13
What is the remainder when 57019 is divided by 57019?
0
What is the remainder when 8959 is divided by 116?
27
What is the remainder when 6948 is divided by 1148?
60
What is the remainder when 1555 is divided by 330?
235
What is the remainder when 5854 is divided by 1941?
31
What is the remainder when 4120 is divided by 710?
570
What is the remainder when 6142 is divided by 363?
334
Calculate the remainder when 412478 is divided by 2611.
2551
What is the remainder when 2713 is divided by 439?
79
What is the remainder when 11785 is divided by 393?
388
What is the remainder when 60733 is divided by 35?
8
Calculate the remainder when 4522 is divided by 4519.
3
What is the remainder when 20009 is divided by 110?
99
What is the remainder when 909 is divided by 701?
208
What is the remainder when 4922 is divided by 3?
2
Calculate the remainder when 2974 is divided by 2968.
6
What is the remainder when 3794 is divided by 960?
914
Calculate the remainder when 2569 is divided by 1252.
65
Calculate the remainder when 14984 is divided by 1457.
414
Calculate the remainder when 32548 is divided by 43.
40
What is the remainder when 74397 is divided by 15?
12
What is the remainder when 7008 is divided by 1162?
36
What is the remainder when 38321 is divided by 960?
881
Calculate the remainder when 10713 is divided by 10232.
481
Calculate the remainder when 17535 is divided by 200.
135
Calculate the remainder when 26066 is divided by 73.
5
What is the remainder when 1518 is divided by 848?
670
What is the remainder when 19745 is divided by 6569?
38
What is the remainder when 2481 is divided by 67?
2
What is the remainder when 1085 is divided by 154?
7
Calculate the remainder when 15641 is divided by 89.
66
What is the remainder when 241386 is divided by 101?
97
What is the remainder when 914 is divided by 255?
149
What is the remainder when 5752 is divided by 7?
5
What is the remainder when 491257 is divided by 643?
5
What is the remainder when 1327 is divided by 439?
10
Calculate the remainder when 2904 is divided by 228.
168
What is the remainder when 40868 is divided by 20434?
0
What is the remainder when 211066 is divided by 19?
14
What is the remainder when 7771 is divided by 185?
1
What is the remainder when 7464 is divided by 300?
264
Calculate the remainder when 2233 is divided by 53.
7
Calculate the remainder when 9100 is divided by 1144.
1092
What is the remainder when 92618 is divided by 38?
12
What is the remainder when 2084 is divided by 1874?
210
What is the remainder when 12745 is divided by 30?
25
Calculate the remainder when 6521 is divided by 73.
24
What is the remainder when 19275 is divided by 2141?
6
Calculate the remainder when 20564 is divided by 20454.
110
Calculate the remainder when 1861 is divided by 403.
249
Calculate the remainder when 2898 is divided by 219.
51
What is the remainder when 14349 is divided by 2048?
13
Calculate the remainder when 128478 is divided by 18.
12
What is the remainder when 5091 is divided by 1685?
36
What is the remainder when 274891 is divided by 28?
15
What is the remainder when 2660 is divided by 43?
37
What is the remainder when 1140 is divided by 159?
27
What is the remainder when 71366 is divided by 776?
750
What is the remainder when 72039 is divided by 23949?
192
Calculate the remainder when 62729 is divided by 30.
29
Calculate the remainder when 1282 is divided by 245.
57
What is the remainder when 26586 is divided by 175?
161
What is the remainder when 45764 is divided by 39?
17
Calculate the remainder when 32977 is divided by 611.
594
What is the remainder when 3005 is divided by 81?
8
What is the remainder when 7829 is divided by 192?
149
What is the remainder when 9983 is divided by 3115?
638
Calculate the remainder when 39845 is divided by 54.
47
What is the remainder when 574135 is divided by 86?
85
Calculate the remainder when 937241 is divided by 22.
19
What is the remainder when 98 is divided by 50?
48
Calculate the remainder when 10626 is divided by 204.
18
What is the remainder when 1407048 is divided by 1993?
1983
Calculate the remainder when 57258 is divided by 35.
33
Calculate the remainder when 26319 is divided by 154.
139
What is the remainder when 3261 is divided by 292?
49
Calculate the remainder when 12789 is divided by 2462.
479
What is the remainder when 9867 is divided by 213?
69
What is the remainder when 1128244 is divided by 18?
4
Calculate the remainder when 6228 is divided by 187.
57
Calculate the remainder when 1906 is divided by 1827.
79
What is the remainder when 2114 is divided by 10?
4
What is the remainder when 13870 is divided by 3465?
10
Calculate the remainder when 68929 is divided by 1861.
72
What is the remainder when 27421 is divided by 13693?
35
Calculate the remainder when 207193 is divided by 162.
157
Calculate the remainder when 16192 is divided by 4012.
144
Calculate the remainder when 346 is divided by 18.
4
What is the remainder when 12568 is divided by 33?
28
Calculate the remainder when 73634 is divided by 182.
106
Calculate the remainder when 12174 is divided by 46.
30
Calculate the remainder when 197560 is divided by 31.
28
What is the remainder when 5730 is divided by 151?
143
What is the remainder when 184915 is divided by 23114?
3
What is the remainder when 252 is divided by 36?
0
What is the remainder when 112269 is divided by 361?
359
What is the remainder when 10921 is divided by 2179?
26
Calculate the remainder when 48979 is divided by 158.
157
Calculate the remainder when 14431 is divided by 229.
4
What is the remainder when 24882 is divided by 21?
18
Calculate the remainder when 21544 is divided by 158.
56
Calculate the remainder when 441 is divided by 296.
145
What is the remainder when 2912 is divided by 276?
152
Calculate the remainder when 32451 is divided by 33.
12
What is the remainder when 52995 is divided by 218?
21
Calculate the remainder when 9981 is divided by 345.
321
Calculate the remainder when 49978 is divided by 12358.
546
Calculate the remainder when 281077 is divided by 347.
7
Calculate the remainder when 64654 is divided by 820.
694
Calculate the remaind